ided by 36?
32
Calculate the remainder when 49 is divided by 25.
24
Calculate the remainder when 105 is divided by 54.
51
Calculate the remainder when 560 is divided by 161.
77
What is the remainder when 193 is divided by 5?
3
What is the remainder when 266 is divided by 86?
8
What is the remainder when 3551 is divided by 32?
31
Calculate the remainder when 44 is divided by 10.
4
What is the remainder when 254 is divided by 9?
2
What is the remainder when 1908 is divided by 87?
81
Calculate the remainder when 464 is divided by 93.
92
Calculate the remainder when 370 is divided by 2.
0
What is the remainder when 59 is divided by 58?
1
Calculate the remainder when 310 is divided by 65.
50
Calculate the remainder when 170 is divided by 32.
10
What is the remainder when 333 is divided by 13?
8
Calculate the remainder when 240 is divided by 63.
51
Calculate the remainder when 52 is divided by 16.
4
Calculate the remainder when 3501 is divided by 3481.
20
Calculate the remainder when 2670 is divided by 2659.
11
What is the remainder when 245 is divided by 50?
45
Calculate the remainder when 4792 is divided by 102.
100
What is the remainder when 270 is divided by 17?
15
Calculate the remainder when 223 is divided by 41.
18
What is the remainder when 9669 is divided by 17?
13
What is the remainder when 233 is divided by 149?
84
Calculate the remainder when 2273 is divided by 254.
241
What is the remainder when 96 is divided by 38?
20
Calculate the remainder when 378 is divided by 117.
27
What is the remainder when 128 is divided by 34?
26
Calculate the remainder when 1038 is divided by 27.
12
What is the remainder when 948 is divided by 70?
38
Calculate the remainder when 3833 is divided by 65.
63
Calculate the remainder when 1889 is divided by 14.
13
What is the remainder when 475 is divided by 49?
34
What is the remainder when 1420 is divided by 46?
40
Calculate the remainder when 40 is divided by 21.
19
Calculate the remainder when 194 is divided by 10.
4
Calculate the remainder when 39 is divided by 22.
17
Calculate the remainder when 127 is divided by 34.
25
Calculate the remainder when 913 is divided by 13.
3
What is the remainder when 8582 is divided by 85?
82
What is the remainder when 11477 is divided by 82?
79
What is the remainder when 4985 is divided by 78?
71
What is the remainder when 291 is divided by 10?
1
Calculate the remainder when 196 is divided by 8.
4
What is the remainder when 242 is divided by 63?
53
Calculate the remainder when 499 is divided by 56.
51
Calculate the remainder when 116 is divided by 37.
5
What is the remainder when 708 is divided by 48?
36
Calculate the remainder when 4815 is divided by 107.
0
What is the remainder when 284 is divided by 13?
11
Calculate the remainder when 2366 is divided by 1177.
12
What is the remainder when 532 is divided by 262?
8
What is the remainder when 3137 is divided by 3137?
0
What is the remainder when 3555 is divided by 123?
111
What is the remainder when 1455 is divided by 28?
27
Calculate the remainder when 75 is divided by 39.
36
Calculate the remainder when 147 is divided by 53.
41
What is the remainder when 5177 is divided by 2586?
5
Calculate the remainder when 8411 is divided by 2803.
2
Calculate the remainder when 83 is divided by 28.
27
What is the remainder when 622 is divided by 89?
88
Calculate the remainder when 232 is divided by 63.
43
Calculate the remainder when 338 is divided by 34.
32
What is the remainder when 1299 is divided by 100?
99
What is the remainder when 68 is divided by 30?
8
Calculate the remainder when 149 is divided by 25.
24
What is the remainder when 244 is divided by 49?
48
Calculate the remainder when 405 is divided by 51.
48
What is the remainder when 1274 is divided by 51?
50
What is the remainder when 42 is divided by 22?
20
What is the remainder when 77 is divided by 16?
13
What is the remainder when 250 is divided by 28?
26
What is the remainder when 858 is divided by 18?
12
What is the remainder when 134 is divided by 48?
38
Calculate the remainder when 211 is divided by 28.
15
Calculate the remainder when 86 is divided by 24.
14
What is the remainder when 2643 is divided by 54?
51
What is the remainder when 152 is divided by 35?
12
What is the remainder when 37 is divided by 9?
1
Calculate the remainder when 525 is divided by 12.
9
What is the remainder when 1832 is divided by 13?
12
What is the remainder when 184 is divided by 62?
60
What is the remainder when 41 is divided by 37?
4
Calculate the remainder when 145 is divided by 74.
71
What is the remainder when 91 is divided by 46?
45
Calculate the remainder when 175 is divided by 22.
21
What is the remainder when 106 is divided by 36?
34
Calculate the remainder when 2333 is divided by 145.
13
What is the remainder when 171 is divided by 39?
15
What is the remainder when 278 is divided by 8?
6
Calculate the remainder when 406 is divided by 51.
49
Calculate the remainder when 315 is divided by 80.
75
What is the remainder when 3930 is divided by 19?
16
What is the remainder when 580 is divided by 64?
4
Calculate the remainder when 180 is divided by 61.
58
Calculate the remainder when 146 is divided by 23.
8
What is the remainder when 419 is divided by 42?
41
Calculate the remainder when 210 is divided by 61.
27
Calculate the remainder when 795 is divided by 47.
43
Calculate the remainder when 141 is divided by 71.
70
Calculate the remainder when 21 is divided by 11.
10
Calculate the remainder when 387 is divided by 14.
9
What is the remainder when 1017 is divided by 14?
9
What is the remainder when 10122 is divided by 25?
22
What is the remainder when 203 is divided by 74?
55
What is the remainder when 21 is divided by 7?
0
What is the remainder when 2181 is divided by 2176?
5
Calculate the remainder when 172 is divided by 102.
70
Calculate the remainder when 956 is divided by 80.
76
Calculate the remainder when 13332 is divided by 15.
12
What is the remainder when 344 is divided by 21?
8
Calculate the remainder when 110 is divided by 39.
32
What is the remainder when 1011 is divided by 44?
43
What is the remainder when 1120 is divided by 75?
70
What is the remainder when 57 is divided by 13?
5
What is the remainder when 1039 is divided by 65?
64
Calculate the remainder when 589 is divided by 187.
28
Calculate the remainder when 12739 is divided by 49.
48
Calculate the remainder when 345 is divided by 12.
9
What is the remainder when 6524 is divided by 87?
86
Calculate the remainder when 1888 is divided by 31.
28
What is the remainder when 32 is divided by 29?
3
Calculate the remainder when 751 is divided by 157.
123
What is the remainder when 2526 is divided by 842?
0
What is the remainder when 173 is divided by 6?
5
What is the remainder when 174 is divided by 44?
42
Calculate the remainder when 94 is divided by 24.
22
Calculate the remainder when 4690 is divided by 276.
274
What is the remainder when 211 is divided by 18?
13
What is the remainder when 290 is divided by 284?
6
What is the remainder when 3036 is divided by 202?
6
Calculate the remainder when 116 is divided by 20.
16
What is the remainder when 659 is divided by 44?
43
What is the remainder when 108 is divided by 16?
12
Calculate the remainder when 509 is divided by 51.
50
What is the remainder when 762 is divided by 55?
47
What is the remainder when 3387 is divided by 154?
153
What is the remainder when 5057 is divided by 253?
250
Calculate the remainder when 140 is divided by 54.
32
What is the remainder when 547 is divided by 10?
7
What is the remainder when 374 is divided by 41?
5
Calculate the remainder when 2814 is divided by 24.
6
What is the remainder when 120 is divided by 115?
5
Calculate the remainder when 624 is divided by 168.
120
Calculate the remainder when 138 is divided by 10.
8
Calculate the remainder when 104 is divided by 27.
23
What is the remainder when 423 is divided by 24?
15
Calculate the remainder when 3144 is divided by 50.
44
Calculate the remainder when 31959 is divided by 8.
7
What is the remainder when 102 is divided by 18?
12
What is the remainder when 1384 is divided by 33?
31
Calculate the remainder when 98 is divided by 15.
8
What is the remainder when 184 is divided by 52?
28
What i